) be the second derivative of 2*y**3/3 - 5*y**2/2 - 140*y + 3. Give l(2).
3
Let c(y) = -y**3 + y - 1. Let w = 18 - 8. Suppose 13 = -w*f + 33. Determine c(f).
-7
Let i(j) be the second derivative of j**4/12 + 5*j**3/3 + 7*j**2 + 87*j. Calculate i(-6).
-10
Let p(y) = -1 - 15*y - 8 - y**2 + 7. Give p(-14).
12
Let f(g) = g + 2. Let n be (-2)/10 - (-186)/30. Suppose 25*p - 28*p = n. What is f(p)?
0
Let f(r) = 2*r**2 + 17*r. Let a be f(-9). Let l(j) = j**3 - 8*j**2 - 11*j + 12. Determine l(a).
-6
Let r be 72/396 - 2/11. Let d(i) be the second derivative of r - i**3 - 1/12*i**4 - 4*i + i**2. Determine d(-4).
10
Let j = -47 - -54. Suppose 0 = j*x - 1 - 34. Let d(n) = -n**3 + 6*n**2 - 5*n - 7. Calculate d(x).
-7
Let l(k) = 4*k - 12 - 3*k - 2*k + 4*k. Give l(6).
6
Let b(n) = 5*n**2 + 8*n - 2. Let l(f) = -2*f. Let r be l(-2). Let z(c) = -6*c**2 - 9*c + 1. Let i(w) = r*z(w) + 5*b(w). Calculate i(-5).
-1
Let h be (-60)/(-27) - 8/36. Let p(u) = 5782*u - 5788*u - 10 + 3 + u**h. Calculate p(6).
-7
Let u(y) = -5*y**3 + 8*y**2 - 7*y - 9. Let s(i) = -6*i**3 + 9*i**2 - 9*i - 9. Let a(v) = -4*s(v) + 5*u(v). What is a(4)?
-5
Let t be (-63)/27 + ((-64)/(-12) - -1). Let m(c) = -c**3 + 3*c**2 + 2*c + 1. Calculate m(t).
-7
Let w = -77 - -79. Let c(o) = o**3 + 40*o**2 - 2*o**3 - 41*o**w + o + 1. Determine c(-1).
0
Let f(k) = -k - 11. Suppose -4*n + 5*s - 252 = 0, -5*s = 4*n - s + 252. Let l = -63 - n. Give f(l).
-11
Let a be (2 - (2 - -1))*-1. Let f(r) = r + 3*r + 2*r. Give f(a).
6
Let d(q) = 2*q + 167 - 348 + 171. Calculate d(10).
10
Let w = 37 - 33. Let u be (-192)/(-42) - w/7. Let r(p) = -p**3 + 5*p**2 - 7*p + 6. Determine r(u).
-6
Let m(q) = q**2 - 6*q + 3. Let t = 259 + -253. What is m(t)?
3
Let v(r) = -r + 12. Let z(m) = m**3 - m**2 + 2*m + 6. Let l be z(2). Determine v(l).
-2
Let d(k) = 884*k**2 - 4 - 2*k + 2 + 3*k + 2*k - 883*k**2. Let r(i) = -i**2 + 2*i - 1. Let o be r(3). What is d(o)?
2
Suppose 0 = -7*l + 18*l. Suppose 6*w + w - 56 = l. Let k(j) = -j**2 + 8*j + 7. What is k(w)?
7
Let l(r) = 2*r**3 - r**2 + r - 4. Let z be l(2). Let i = 12 - z. Let v(a) = -3*a - a + 3*a**2 + 5*a - 2 - i*a**3. What is v(2)?
-4
Let y(k) be the first derivative of k**2/2 - 3*k + 7. Let q(m) = -3*m + 9. Let s(x) = 4*q(x) + 11*y(x). Suppose 2*u + u - 15 = 0. Calculate s(u).
-2
Let b(a) = -a**3 - 10*a**2 - 8*a - 2. Let q(w) = 26*w - 503. Let x be q(19). Give b(x).
-11
Let q(v) = -v**2 - 7*v - 6. Let l be q(-5). Suppose -l*g = 18 + 10. Let d(s) = -4*s. Let n(r) = -5*r - 1. Let h(i) = 6*d(i) - 5*n(i). Calculate h(g).
-2
Let l(h) = h**3 + 5*h**2 + 4*h + 1. Let y(r) = 3*r + 5. Let u be y(-3). Let z be u/(-7) + (-32)/7. What is l(z)?
1
Let m(c) = 3*c - 8. Suppose -2*i + 20 = 8. Calculate m(i).
10
Let g(h) = h**3 + 3*h**2 + h + 1. Let u(r) = -16*r + 31. Let v(q) = -3*q + 6. Let d(j) = 2*u(j) - 11*v(j). Let s be d(8). Suppose -s*a - 1 = 7. Give g(a).
3
Suppose 0*z + 6*z = 78. Let t(b) = -2*b**2 - 10*b + 7. Let h(c) = 4*c**2 + 21*c - 15. Let u(w) = z*t(w) + 6*h(w). What is u(-3)?
-5
Let s(v) = 3*v**2 - 3*v - 3. Let t be s(-1). Suppose -t*y + 23 = -5*r, 0 = -3*r - 2*r - 20. Let i(p) = -19*p. What is i(y)?
-19
Let d(f) = f**3 + 5*f**2 + 7. Let t = -35 - -29. Let h = -11 - t. Determine d(h).
7
Let i(r) = 4*r - 80. Let v(q) = q - 15. Let k(z) = -2*i(z) + 11*v(z). Calculate k(8).
19
Suppose 4*u = -2*h + 3*u + 6, -3*u = -h + 10. Let a be (-40)/15 - 6/(-9). Let c be (h/8)/(a/20). Let q(b) = b**2 + 4*b - 7. Calculate q(c).
-2
Let u(z) be the third derivative of -z**6/120 - z**5/60 - z**4/24 - 5*z**3/6 - z**2. Suppose 4*y + 2 = -b + 2*y, 5*b = -2*y - 2. Determine u(b).
-5
Let u(k) = 2*k - 8. Let z be u(4). Suppose 0 = -4*j - z - 8. Let o(h) = h**3 + 2*h + 3. Let b(s) = 3*s**3 + 6*s + 9. Let q(y) = 6*b(y) - 17*o(y). Give q(j).
-9
Suppose 0 = 2*u + 3*u + 10. Let q(a) = 5 - 5*a + 0*a - 7 - a. Give q(u).
10
Let o = 50 + -47. Suppose o = -3*y - 2*x - 2, 4*x - 11 = y. Let j(c) = 4*c - c**3 + 2*c**3 - 3*c - 1 + 3*c**2. What is j(y)?
-4
Let y(a) = -4*a**2 - a + 2. Let l be (4/(-5))/(2/(-15)*-3). What is y(l)?
-12
Let s(c) = 10*c - 37 + 76 - c**2 - 17. What is s(12)?
-2
Let o(z) be the third derivative of -z**4/12 - 7*z**3/6 + 6*z**2. Suppose -8*k = -3*k + 5*q + 25, k - 2*q + 8 = 0. Determine o(k).
5
Let y(a) be the first derivative of -a**3/3 - 12*a + 49. Calculate y(0).
-12
Let j = -377 - -380. Let k(b) = -16*b - 5. Calculate k(j).
-53
Let z(c) be the first derivative of c**5/20 + c**4/3 + c**3/6 - 5*c**2/2 + 9*c - 12. Let o(i) be the first derivative of z(i). Determine o(-4).
-9
Let v(n) = 0*n**2 + 10*n + 3512 - 3507 - n + n**2. Give v(-6).
-13
Let x(f) = 4*f + 7*f**2 + 4*f**3 + 5*f - 4*f. Let o(n) = 5*n**3 + 7*n**2 + 5*n. Let i be (0 - (3 + 1)) + 8. Let d(z) = i*x(z) - 3*o(z). What is d(-6)?
6
Let g(l) be the third derivative of -l**6/120 + l**5/20 + l**4/12 + l**3/3 - 21*l**2 + 1. What is g(3)?
8
Let h be (-4 + -2)*(-15)/(-6). Let w = h - -18. Suppose w*r = -r + 32. Let x(a) = a**2 - 9*a + 5. Determine x(r).
-3
Let x(m) = -m**2 + 17*m - 64. Let i be x(12). Let w(b) = b**3 + 6*b**2 - b + 5. Determine w(i).
41
Let x(c) = c**3 + 2. Let k(d) = -d**3 - 10*d**2 + 22*d - 24. Let l be k(-12). Determine x(l).
2
Let c(p) = p + 16. Let k be c(4). Let t(r) = -33*r + 4*r**2 - r**3 + k*r + 16*r. Calculate t(4).
12
Let k(j) = 5*j + 41. Let b = 2173 + -2181. What is k(b)?
1
Let f(m) = 1402*m - 2818*m + 1404*m + 4. What is f(-3)?
40
Let s = -18 + 29. Let m be 0 - 3 - (14 - s). Let z(d) = -2*d**3 - 3*d**2 + 9*d + 1. Let k(t) = -t**3 - t**2 + 4*t. Let w(j) = -7*k(j) + 4*z(j). Give w(m).
-8
Suppose 0 = 4222*t - 4226*t - 16. Let k(l) = l**3 + 6*l**2 + 2*l - 2. Give k(t).
22
Let c(g) = g**2 + 6*g + 9. Suppose 4*l - 8 = 3*z - 2*z, 0 = 5*z. Suppose 17 = -l*q + 3*p - 2*p, -q + 5*p - 31 = 0. Give c(q).
9
Let m(x) be the second derivative of x**4/12 - x**3/2 - 2*x**2 + 5*x. Let p = -26 - -30. Determine m(p).
0
Suppose 46 = 4*w - 3*v, -16 = -2*w - 0*w - 2*v. Let k be ((-4)/(-5))/((-4)/w). Let p be k/((-4)/(-3 + 1)). Let x(f) = 13*f**3 + f**2. Give x(p).
-12
Let j(m) = -m - 4. Let o(l) = -18*l + 50. Let i be o(3). Give j(i).
0
Let a be -6*3/(-12)*2. Let t be a/(-6)*2 + 6. Suppose v - l = -4*v + 18, -t*v - 3*l + 6 = 0. Let r(m) = m**3 - 4*m**2 - 4. What is r(v)?
-13
Suppose 8*q + 0*q - 48 = 0. Let y be (4/q)/(5/(90/4)). Let x(j) = j**2 - 6*j - 1. What is x(y)?
-10
Let a(w) = w. Let o be a(2). Let d(m) = -4 - 1 + m**2 + m**3 - 7*m**o. Give d(6).
-5
Let y(l) = -9*l + 342*l**3 + 343*l**3 - 9*l**2 + 7 + 338*l**3 - 1024*l**3. Calculate y(-7).
-28
Let p(y) = -1 - 6*y**2 + 6*y + 6 - 7*y + 4*y**2. Calculate p(-4).
-23
Let a(h) = h**3 - 8*h**2 + 7*h + 4. Let d = -54 - -55. Let g be (63/(-27))/(d/(-3)). Calculate a(g).
4
Suppose 0 = 5*t + 3*n + 2, 0 = -0*t - 2*t - 5*n - 16. Suppose -t*q + 0*q = -10. Let l(g) = -g**2 + 4*g + q - 3*g + 3*g. Determine l(5).
0
Let r = 119 - 70. Let h(t) = -t**3 - 2 - 3*t - r*t**2 - 4 + 44*t**2. Calculate h(-5).
9
Let g(n) = n - 7. Let m(l) be the first derivative of l**2/2 - 6*l - 11. Let k(s) = 2*g(s) - 3*m(s). Determine k(3).
1
Let z(q) = -q**2 - 2*q + 6. Let c be (-162)/189*14/4. Calculate z(c).
3
Suppose 0 = -2*f - 0*f + 16. Let x(i) = -f*i + 6 + 2*i + 3*i. Let c(l) = 4*l - 7. Let t(p) = 4*c(p) + 5*x(p). Give t(3).
5
Let x(r) = 8*r + 1 + 6*r - 10*r + 2*r. Let j = -2 - -2. Let f = j + 1. Calculate x(f).
7
Let x(l) be the third derivative of -7*l**6/120 - 7*l**4/24 - 10*l**3/3 + 12*l**2. Let h(i) = -3*i**3 - 3*i - 10. Let k(j) = -5*h(j) + 2*x(j). Determine k(0).
10
Let d be 16/(-96) - (-10)/(-12). Let o(q) = -q**3 - 5*q**2 - q - 3. Let g be o(-5). Let i(j) = j - j**g + 0*j**3 + 3*j**3 + 1 - 2*j**3. Determine i(d).
-2
Let z(w) be the first derivative of -w**4/4 - w**3/3 + 2*w**2 - 3*w - 37. Calculate z(2).
-7
Let v(g) = g**3 + 7*g**2 - 11 + 999*g + 987*g - 1995*g. What is v(-8)?
-3
Let r = -1 + 1. Let f(q) be the first derivative of q**4/4 + q**2/2 + q - 196. Give f(r).
1
Let c(o) = o + 31. Let a(v) = -2*v - 65. Let y(f) = 6*a(f) + 13*c(f). Calculate y(8).
21
Let r be -24 - -27 - -5*2/2. Let q(n) = -n. Give q(r).
-8
Let p(y) = 1 + 45*y + 14 - 88*y + 41*y. Give p(6).
3
Let q(h) = -2*h**3 + h**2 - h + 1. Let v(o) = -11*o**3 + 5*o**2 - 7*o + 23. Let d(z) = -6*q(z) + v(z). Give d(0).
17
Let q(s) = -25*s**2 + 2*